

{"id":46357,"date":"2021-01-20T16:09:39","date_gmt":"2023-01-26T05:36:35","guid":{"rendered":"https:\/\/mon.es\/producto\/maskacne\/"},"modified":"2023-02-03T16:26:41","modified_gmt":"2023-02-03T16:26:41","slug":"mask-acne","status":"publish","type":"product","link":"https:\/\/mon.es\/ca\/producto\/mask-acne\/","title":{"rendered":"Maskacne"},"content":{"rendered":"<div class=\"product-description\">\n<div class=\"product-description\">\n<p>Qu\u00e8 \u00e9s el maskacn\u00e9? \u00c9s un<strong> <\/strong>tipus d&#8217;acne que apareix o s&#8217;accentua m\u00e9s a causa del frec i la falta d&#8217;oxigenaci\u00f3 que provoca l&#8217;\u00fas prolongat de la m\u00e0scara.<\/p>\n<p>Aquest tipus d&#8217;acne es deu a l&#8217;oclusi\u00f3 constant de la pell i al seu conseq\u00fcent augment de la humitat en el rostre. Com a resultat, els porus s&#8217;obstrueixen i es modifiquen els l\u00edpids de la barrera cut\u00e0nia, la qual cosa desemboca en un creixement dels bacteris que provoquen l&#8217;acne.<\/p>\n<p>Per a prevenir o solucionar el Maskacne et proposem una senzilla rutina facial amb aquests cosm\u00e8tics naturals que et funcionar\u00e0 molt b\u00e9. Segueix aquests passos i veur\u00e0s com el teu maskacne millorar\u00e0 r\u00e0pidament.<\/p>\n<\/div>\n<\/div>\n","protected":false},"excerpt":{"rendered":"<p>Qu\u00e8 \u00e9s el maskacn\u00e9? \u00c9s un tipus d&#8217;acne que apareix o s&#8217;accentua m\u00e9s a causa del frec i la falta d&#8217;oxigenaci\u00f3 que provoca l&#8217;\u00fas prolongat de la m\u00e0scara. Aquest tipus d&#8217;acne es deu a l&#8217;oclusi\u00f3 constant de la pell i al seu conseq\u00fcent augment de la humitat en el rostre. Com a resultat, els porus [&hellip;]<\/p>\n","protected":false},"featured_media":45965,"comment_status":"open","ping_status":"closed","template":"","meta":{"inline_featured_image":false},"product_brand":[],"product_cat":[506,510],"product_tag":[572],"producte_categoria":[],"class_list":{"0":"post-46357","1":"product","2":"type-product","3":"status-publish","4":"has-post-thumbnail","6":"product_cat-cosmetica-natural-per-a-la-cara","7":"product_cat-tractaments-naturals-per-a-la-cara","8":"product_tag-la-solucio","10":"first","11":"instock","12":"shipping-taxable","13":"purchasable","14":"product-type-simple"},"yoast_head":"<!-- This site is optimized with the Yoast SEO plugin v27.1.1 - https:\/\/yoast.com\/product\/yoast-seo-wordpress\/ -->\n<title>Mask Acne - SOLUCI\u00d3 per l&#039;\u00fas de la m\u00e0scara- MON<\/title>\n<meta name=\"description\" content=\"Un tipus d&#039;acne que apareix o s&#039;accentua m\u00e9s a causa del frec i la falta d&#039;oxigenaci\u00f3 que provoca l&#039;\u00fas de la m\u00e0scara. \u2705 Mask Acne\" \/>\n<meta name=\"robots\" content=\"index, follow, max-snippet:-1, max-image-preview:large, max-video-preview:-1\" \/>\n<link rel=\"canonical\" href=\"https:\/\/mon.es\/producto\/mask-acne\/\" \/>\n<meta property=\"og:locale\" content=\"ca_ES\" \/>\n<meta property=\"og:type\" content=\"article\" \/>\n<meta property=\"og:title\" content=\"Mask Acne - SOLUCI\u00d3 per l&#039;\u00fas de la m\u00e0scara- MON\" \/>\n<meta property=\"og:description\" content=\"Un tipus d&#039;acne que apareix o s&#039;accentua m\u00e9s a causa del frec i la falta d&#039;oxigenaci\u00f3 que provoca l&#039;\u00fas de la m\u00e0scara. \u2705 Mask Acne\" \/>\n<meta property=\"og:url\" content=\"https:\/\/mon.es\/producto\/mask-acne\/\" \/>\n<meta property=\"og:site_name\" content=\"MON\" \/>\n<meta property=\"article:modified_time\" content=\"2023-02-03T16:26:41+00:00\" \/>\n<meta property=\"og:image\" content=\"https:\/\/mon.es\/wp-content\/uploads\/2021\/01\/mask-acne-2-ok.jpg\" \/>\n\t<meta property=\"og:image:width\" content=\"1150\" \/>\n\t<meta property=\"og:image:height\" content=\"1200\" \/>\n\t<meta property=\"og:image:type\" content=\"image\/jpeg\" \/>\n<meta name=\"twitter:card\" content=\"summary_large_image\" \/>\n<meta name=\"twitter:label1\" content=\"Temps estimat de lectura\" \/>\n\t<meta name=\"twitter:data1\" content=\"1 minut\" \/>\n<script type=\"application\/ld+json\" class=\"yoast-schema-graph\">{\"@context\":\"https:\/\/schema.org\",\"@graph\":[{\"@type\":\"WebPage\",\"@id\":\"https:\/\/mon.es\/producto\/mask-acne\/\",\"url\":\"https:\/\/mon.es\/producto\/mask-acne\/\",\"name\":\"Mask Acne - SOLUCI\u00d3 per l'\u00fas de la m\u00e0scara- MON\",\"isPartOf\":{\"@id\":\"https:\/\/mon.es\/#website\"},\"primaryImageOfPage\":{\"@id\":\"https:\/\/mon.es\/producto\/mask-acne\/#primaryimage\"},\"image\":{\"@id\":\"https:\/\/mon.es\/producto\/mask-acne\/#primaryimage\"},\"thumbnailUrl\":\"https:\/\/mon.es\/wp-content\/uploads\/2021\/01\/mask-acne-2-ok.jpg\",\"datePublished\":\"2023-01-26T05:36:35+00:00\",\"dateModified\":\"2023-02-03T16:26:41+00:00\",\"description\":\"Un tipus d'acne que apareix o s'accentua m\u00e9s a causa del frec i la falta d'oxigenaci\u00f3 que provoca l'\u00fas de la m\u00e0scara. \u2705 Mask Acne\",\"breadcrumb\":{\"@id\":\"https:\/\/mon.es\/producto\/mask-acne\/#breadcrumb\"},\"inLanguage\":\"ca\",\"potentialAction\":[{\"@type\":\"ReadAction\",\"target\":[\"https:\/\/mon.es\/producto\/mask-acne\/\"]}]},{\"@type\":\"ImageObject\",\"inLanguage\":\"ca\",\"@id\":\"https:\/\/mon.es\/producto\/mask-acne\/#primaryimage\",\"url\":\"https:\/\/mon.es\/wp-content\/uploads\/2021\/01\/mask-acne-2-ok.jpg\",\"contentUrl\":\"https:\/\/mon.es\/wp-content\/uploads\/2021\/01\/mask-acne-2-ok.jpg\",\"width\":1150,\"height\":1200},{\"@type\":\"BreadcrumbList\",\"@id\":\"https:\/\/mon.es\/producto\/mask-acne\/#breadcrumb\",\"itemListElement\":[{\"@type\":\"ListItem\",\"position\":1,\"name\":\"Portada\",\"item\":\"https:\/\/mon.es\/ca\/\"},{\"@type\":\"ListItem\",\"position\":2,\"name\":\"Botiga\",\"item\":\"https:\/\/mon.es\/ca\/botiga\/\"},{\"@type\":\"ListItem\",\"position\":3,\"name\":\"Maskacne\"}]},{\"@type\":\"WebSite\",\"@id\":\"https:\/\/mon.es\/#website\",\"url\":\"https:\/\/mon.es\/\",\"name\":\"MON\",\"description\":\"Natural cosmetics\",\"publisher\":{\"@id\":\"https:\/\/mon.es\/#organization\"},\"potentialAction\":[{\"@type\":\"SearchAction\",\"target\":{\"@type\":\"EntryPoint\",\"urlTemplate\":\"https:\/\/mon.es\/?s={search_term_string}\"},\"query-input\":{\"@type\":\"PropertyValueSpecification\",\"valueRequired\":true,\"valueName\":\"search_term_string\"}}],\"inLanguage\":\"ca\"},{\"@type\":\"Organization\",\"@id\":\"https:\/\/mon.es\/#organization\",\"name\":\"MON\",\"url\":\"https:\/\/mon.es\/\",\"logo\":{\"@type\":\"ImageObject\",\"inLanguage\":\"ca\",\"@id\":\"https:\/\/mon.es\/#\/schema\/logo\/image\/\",\"url\":\"https:\/\/mon.es\/wp-content\/uploads\/2018\/11\/logo_mon.png\",\"contentUrl\":\"https:\/\/mon.es\/wp-content\/uploads\/2018\/11\/logo_mon.png\",\"width\":424,\"height\":132,\"caption\":\"MON\"},\"image\":{\"@id\":\"https:\/\/mon.es\/#\/schema\/logo\/image\/\"}}]}<\/script>\n<!-- \/ Yoast SEO plugin. -->","yoast_head_json":{"title":"Mask Acne - SOLUCI\u00d3 per l'\u00fas de la m\u00e0scara- MON","description":"Un tipus d'acne que apareix o s'accentua m\u00e9s a causa del frec i la falta d'oxigenaci\u00f3 que provoca l'\u00fas de la m\u00e0scara. \u2705 Mask Acne","robots":{"index":"index","follow":"follow","max-snippet":"max-snippet:-1","max-image-preview":"max-image-preview:large","max-video-preview":"max-video-preview:-1"},"canonical":"https:\/\/mon.es\/producto\/mask-acne\/","og_locale":"ca_ES","og_type":"article","og_title":"Mask Acne - SOLUCI\u00d3 per l'\u00fas de la m\u00e0scara- MON","og_description":"Un tipus d'acne que apareix o s'accentua m\u00e9s a causa del frec i la falta d'oxigenaci\u00f3 que provoca l'\u00fas de la m\u00e0scara. \u2705 Mask Acne","og_url":"https:\/\/mon.es\/producto\/mask-acne\/","og_site_name":"MON","article_modified_time":"2023-02-03T16:26:41+00:00","og_image":[{"width":1150,"height":1200,"url":"https:\/\/mon.es\/wp-content\/uploads\/2021\/01\/mask-acne-2-ok.jpg","type":"image\/jpeg"}],"twitter_card":"summary_large_image","twitter_misc":{"Temps estimat de lectura":"1 minut"},"schema":{"@context":"https:\/\/schema.org","@graph":[{"@type":"WebPage","@id":"https:\/\/mon.es\/producto\/mask-acne\/","url":"https:\/\/mon.es\/producto\/mask-acne\/","name":"Mask Acne - SOLUCI\u00d3 per l'\u00fas de la m\u00e0scara- MON","isPartOf":{"@id":"https:\/\/mon.es\/#website"},"primaryImageOfPage":{"@id":"https:\/\/mon.es\/producto\/mask-acne\/#primaryimage"},"image":{"@id":"https:\/\/mon.es\/producto\/mask-acne\/#primaryimage"},"thumbnailUrl":"https:\/\/mon.es\/wp-content\/uploads\/2021\/01\/mask-acne-2-ok.jpg","datePublished":"2023-01-26T05:36:35+00:00","dateModified":"2023-02-03T16:26:41+00:00","description":"Un tipus d'acne que apareix o s'accentua m\u00e9s a causa del frec i la falta d'oxigenaci\u00f3 que provoca l'\u00fas de la m\u00e0scara. \u2705 Mask Acne","breadcrumb":{"@id":"https:\/\/mon.es\/producto\/mask-acne\/#breadcrumb"},"inLanguage":"ca","potentialAction":[{"@type":"ReadAction","target":["https:\/\/mon.es\/producto\/mask-acne\/"]}]},{"@type":"ImageObject","inLanguage":"ca","@id":"https:\/\/mon.es\/producto\/mask-acne\/#primaryimage","url":"https:\/\/mon.es\/wp-content\/uploads\/2021\/01\/mask-acne-2-ok.jpg","contentUrl":"https:\/\/mon.es\/wp-content\/uploads\/2021\/01\/mask-acne-2-ok.jpg","width":1150,"height":1200},{"@type":"BreadcrumbList","@id":"https:\/\/mon.es\/producto\/mask-acne\/#breadcrumb","itemListElement":[{"@type":"ListItem","position":1,"name":"Portada","item":"https:\/\/mon.es\/ca\/"},{"@type":"ListItem","position":2,"name":"Botiga","item":"https:\/\/mon.es\/ca\/botiga\/"},{"@type":"ListItem","position":3,"name":"Maskacne"}]},{"@type":"WebSite","@id":"https:\/\/mon.es\/#website","url":"https:\/\/mon.es\/","name":"MON","description":"Natural cosmetics","publisher":{"@id":"https:\/\/mon.es\/#organization"},"potentialAction":[{"@type":"SearchAction","target":{"@type":"EntryPoint","urlTemplate":"https:\/\/mon.es\/?s={search_term_string}"},"query-input":{"@type":"PropertyValueSpecification","valueRequired":true,"valueName":"search_term_string"}}],"inLanguage":"ca"},{"@type":"Organization","@id":"https:\/\/mon.es\/#organization","name":"MON","url":"https:\/\/mon.es\/","logo":{"@type":"ImageObject","inLanguage":"ca","@id":"https:\/\/mon.es\/#\/schema\/logo\/image\/","url":"https:\/\/mon.es\/wp-content\/uploads\/2018\/11\/logo_mon.png","contentUrl":"https:\/\/mon.es\/wp-content\/uploads\/2018\/11\/logo_mon.png","width":424,"height":132,"caption":"MON"},"image":{"@id":"https:\/\/mon.es\/#\/schema\/logo\/image\/"}}]}},"_links":{"self":[{"href":"https:\/\/mon.es\/ca\/wp-json\/wp\/v2\/product\/46357","targetHints":{"allow":["GET"]}}],"collection":[{"href":"https:\/\/mon.es\/ca\/wp-json\/wp\/v2\/product"}],"about":[{"href":"https:\/\/mon.es\/ca\/wp-json\/wp\/v2\/types\/product"}],"replies":[{"embeddable":true,"href":"https:\/\/mon.es\/ca\/wp-json\/wp\/v2\/comments?post=46357"}],"wp:featuredmedia":[{"embeddable":true,"href":"https:\/\/mon.es\/ca\/wp-json\/wp\/v2\/media\/45965"}],"wp:attachment":[{"href":"https:\/\/mon.es\/ca\/wp-json\/wp\/v2\/media?parent=46357"}],"wp:term":[{"taxonomy":"product_brand","embeddable":true,"href":"https:\/\/mon.es\/ca\/wp-json\/wp\/v2\/product_brand?post=46357"},{"taxonomy":"product_cat","embeddable":true,"href":"https:\/\/mon.es\/ca\/wp-json\/wp\/v2\/product_cat?post=46357"},{"taxonomy":"product_tag","embeddable":true,"href":"https:\/\/mon.es\/ca\/wp-json\/wp\/v2\/product_tag?post=46357"},{"taxonomy":"producte_categoria","embeddable":true,"href":"https:\/\/mon.es\/ca\/wp-json\/wp\/v2\/producte_categoria?post=46357"}],"curies":[{"name":"wp","href":"https:\/\/api.w.org\/{rel}","templated":true}]}}

<div class="product-description">
<div class="product-description">
<p>Què és el maskacné? És un<strong> </strong>tipus d&#8217;acne que apareix o s&#8217;accentua més a causa del frec i la falta d&#8217;oxigenació que provoca l&#8217;ús prolongat de la màscara.</p>
<p>Aquest tipus d&#8217;acne es deu a l&#8217;oclusió constant de la pell i al seu conseqüent augment de la humitat en el rostre. Com a resultat, els porus s&#8217;obstrueixen i es modifiquen els lípids de la barrera cutània, la qual cosa desemboca en un creixement dels bacteris que provoquen l&#8217;acne.</p>
<p>Per a prevenir o solucionar el Maskacne et proposem una senzilla rutina facial amb aquests cosmètics naturals que et funcionarà molt bé. Segueix aquests passos i veuràs com el teu maskacne millorarà ràpidament.</p>
</div>
</div>

<p>Què és el maskacné? És un tipus d&#8217;acne que apareix o s&#8217;accentua més a causa del frec i la falta d&#8217;oxigenació que provoca l&#8217;ús prolongat de la màscara. Aquest tipus d&#8217;acne es deu a l&#8217;oclusió constant de la pell i al seu conseqüent augment de la humitat en el rostre. Com a resultat, els porus [&hellip;]</p>

<!-- This site is optimized with the Yoast SEO plugin v27.1.1 - https://yoast.com/product/yoast-seo-wordpress/ -->
<title>Mask Acne - SOLUCIÓ per l&#039;ús de la màscara- MON</title>
<meta name="description" content="Un tipus d&#039;acne que apareix o s&#039;accentua més a causa del frec i la falta d&#039;oxigenació que provoca l&#039;ús de la màscara. ✅ Mask Acne" />
<meta name="robots" content="index, follow, max-snippet:-1, max-image-preview:large, max-video-preview:-1" />
<link rel="canonical" href="https://mon.es/producto/mask-acne/" />
<meta property="og:locale" content="ca_ES" />
<meta property="og:type" content="article" />
<meta property="og:title" content="Mask Acne - SOLUCIÓ per l&#039;ús de la màscara- MON" />
<meta property="og:description" content="Un tipus d&#039;acne que apareix o s&#039;accentua més a causa del frec i la falta d&#039;oxigenació que provoca l&#039;ús de la màscara. ✅ Mask Acne" />
<meta property="og:url" content="https://mon.es/producto/mask-acne/" />
<meta property="og:site_name" content="MON" />
<meta property="article:modified_time" content="2023-02-03T16:26:41+00:00" />
<meta property="og:image" content="https://mon.es/wp-content/uploads/2021/01/mask-acne-2-ok.jpg" />
	<meta property="og:image:width" content="1150" />
	<meta property="og:image:height" content="1200" />
	<meta property="og:image:type" content="image/jpeg" />
<meta name="twitter:card" content="summary_large_image" />
<meta name="twitter:label1" content="Temps estimat de lectura" />
	<meta name="twitter:data1" content="1 minut" />
<script type="application/ld+json" class="yoast-schema-graph">{"@context":"https://schema.org","@graph":[{"@type":"WebPage","@id":"https://mon.es/producto/mask-acne/","url":"https://mon.es/producto/mask-acne/","name":"Mask Acne - SOLUCIÓ per l'ús de la màscara- MON","isPartOf":{"@id":"https://mon.es/#website"},"primaryImageOfPage":{"@id":"https://mon.es/producto/mask-acne/#primaryimage"},"image":{"@id":"https://mon.es/producto/mask-acne/#primaryimage"},"thumbnailUrl":"https://mon.es/wp-content/uploads/2021/01/mask-acne-2-ok.jpg","datePublished":"2023-01-26T05:36:35+00:00","dateModified":"2023-02-03T16:26:41+00:00","description":"Un tipus d'acne que apareix o s'accentua més a causa del frec i la falta d'oxigenació que provoca l'ús de la màscara. ✅ Mask Acne","breadcrumb":{"@id":"https://mon.es/producto/mask-acne/#breadcrumb"},"inLanguage":"ca","potentialAction":[{"@type":"ReadAction","target":["https://mon.es/producto/mask-acne/"]}]},{"@type":"ImageObject","inLanguage":"ca","@id":"https://mon.es/producto/mask-acne/#primaryimage","url":"https://mon.es/wp-content/uploads/2021/01/mask-acne-2-ok.jpg","contentUrl":"https://mon.es/wp-content/uploads/2021/01/mask-acne-2-ok.jpg","width":1150,"height":1200},{"@type":"BreadcrumbList","@id":"https://mon.es/producto/mask-acne/#breadcrumb","itemListElement":[{"@type":"ListItem","position":1,"name":"Portada","item":"https://mon.es/ca/"},{"@type":"ListItem","position":2,"name":"Botiga","item":"https://mon.es/ca/botiga/"},{"@type":"ListItem","position":3,"name":"Maskacne"}]},{"@type":"WebSite","@id":"https://mon.es/#website","url":"https://mon.es/","name":"MON","description":"Natural cosmetics","publisher":{"@id":"https://mon.es/#organization"},"potentialAction":[{"@type":"SearchAction","target":{"@type":"EntryPoint","urlTemplate":"https://mon.es/?s={search_term_string}"},"query-input":{"@type":"PropertyValueSpecification","valueRequired":true,"valueName":"search_term_string"}}],"inLanguage":"ca"},{"@type":"Organization","@id":"https://mon.es/#organization","name":"MON","url":"https://mon.es/","logo":{"@type":"ImageObject","inLanguage":"ca","@id":"https://mon.es/#/schema/logo/image/","url":"https://mon.es/wp-content/uploads/2018/11/logo_mon.png","contentUrl":"https://mon.es/wp-content/uploads/2018/11/logo_mon.png","width":424,"height":132,"caption":"MON"},"image":{"@id":"https://mon.es/#/schema/logo/image/"}}]}</script>
<!-- / Yoast SEO plugin. -->

Mask Acne - SOLUCIÓ per l'ús de la màscara- MON

Un tipus d'acne que apareix o s'accentua més a causa del frec i la falta d'oxigenació que provoca l'ús de la màscara. ✅ Mask Acne
